{"id":242,"date":"2014-01-27T15:16:53","date_gmt":"2014-01-27T15:16:53","guid":{"rendered":"http:\/\/www.weinbaugemeinschaft-diesbar-seusslitz.de\/?page_id=242"},"modified":"2025-12-11T10:49:29","modified_gmt":"2025-12-11T10:49:29","slug":"weinkoniginnen-a-d","status":"publish","type":"page","link":"https:\/\/www.weinbaugemeinschaft-diesbar-seusslitz.de\/?page_id=242","title":{"rendered":"Ortsweink\u00f6niginnen a.D."},"content":{"rendered":"<p>Die Wahl der Weinmajest\u00e4t geht auf eine lange Tradition zur\u00fcck. Sie besteht nun mittlerweile schon seit 1968.<\/p>\n<p>W\u00e4hrend der Vorbereitungen der Festtage &#8222;700 Jahre Weinbau&#8220; kam ein Gedanke auf, dass es doch eine Weink\u00f6nigin geben m\u00fcsste. Die Umsetzung damals war auf Grund des staatlichen Konstrukts schwer denkbar. Doch durch Mithilfe u.a. von P. R\u00fchle (Weinbauberater der Winzergenossenschaft Mei\u00dfen) und durch die Vorsprache beim Rat der Stadt Dresden bekam man gr\u00fcnes Licht f\u00fcr das Vorhaben. So wurde eine &#8222;junge Dame&#8220; aus Diesbar-Seu\u00dflitz auserw\u00e4hlt und benannt. Eine richtige Wahl gab es nicht. Die Kr\u00f6nung fand am Vorabend bei der bis dahin schon zur Tradition gewordenen &#8222;Gro\u00dfen Weinprobe&#8220; statt! Da die Nachfrage zur &#8222;Gro\u00dfen Weinprobe&#8220; und Kr\u00f6nung der Ortsweink\u00f6nigin so hoch war, fand sie zeitweise an zwei Abenden statt. Namhafte K\u00fcnstler aus Sachsen und Mitglieder des Dorfclubs sowie viele jugendliche Helfer des Dorfes gestalteten diese Abende zu unvergesslichen Erlebnissen! Mittlerweile gibt es nun schon die 25. Ortsweink\u00f6nigin. Die Amtszeiten dauern zwischen einem bis drei Jahren an. In diesem Jahr wurde wieder eine neue Weinmajest\u00e4t gew\u00e4hlt.<\/p>\n<h4><\/h4>\n<h3><span style=\"color: #ff6600;\">Hier einen \u00dcberblick unserer charmanten Ortsweink\u00f6niginnen:<\/span><\/h3>\n<h3><strong>24. Ortsweink\u00f6nigin 2024 &#8211; 2025<\/strong><\/h3>\n<h4>Michelle Bergmann<\/h4>\n<p><strong><a href=\"http:\/\/www.weinbaugemeinschaft-diesbar-seusslitz.de\/wp-content\/uploads\/2025\/12\/IMG-20240823-WA0001-scaled.jpg\"><img loading=\"lazy\" decoding=\"async\" class=\"alignnone wp-image-758 size-medium\" title=\"IMG_3606\" src=\"http:\/\/www.weinbaugemeinschaft-diesbar-seusslitz.de\/wp-content\/uploads\/2025\/12\/IMG-20240823-WA0001-195x300.jpg\" alt=\"\" width=\"195\" height=\"300\" srcset=\"https:\/\/www.weinbaugemeinschaft-diesbar-seusslitz.de\/wp-content\/uploads\/2025\/12\/IMG-20240823-WA0001-195x300.jpg 195w, https:\/\/www.weinbaugemeinschaft-diesbar-seusslitz.de\/wp-content\/uploads\/2025\/12\/IMG-20240823-WA0001-664x1024.jpg 664w, https:\/\/www.weinbaugemeinschaft-diesbar-seusslitz.de\/wp-content\/uploads\/2025\/12\/IMG-20240823-WA0001-768x1184.jpg 768w, https:\/\/www.weinbaugemeinschaft-diesbar-seusslitz.de\/wp-content\/uploads\/2025\/12\/IMG-20240823-WA0001-997x1536.jpg 997w, https:\/\/www.weinbaugemeinschaft-diesbar-seusslitz.de\/wp-content\/uploads\/2025\/12\/IMG-20240823-WA0001-1329x2048.jpg 1329w, https:\/\/www.weinbaugemeinschaft-diesbar-seusslitz.de\/wp-content\/uploads\/2025\/12\/IMG-20240823-WA0001-scaled.jpg 1661w\" sizes=\"auto, (max-width: 195px) 100vw, 195px\" \/><\/a><\/strong><\/p>\n<h3><strong>23. Ortsweink\u00f6nigin 2021 &#8211; 2024<\/strong><\/h3>\n<h4>Michelle Ronge<\/h4>\n<p><strong><a href=\"http:\/\/www.weinbaugemeinschaft-diesbar-seusslitz.de\/wp-content\/uploads\/2022\/05\/0H1A9539-50-scaled.jpg\"><img loading=\"lazy\" decoding=\"async\" class=\"alignnone wp-image-587 size-medium\" title=\"IMG_3606\" src=\"http:\/\/www.weinbaugemeinschaft-diesbar-seusslitz.de\/wp-content\/uploads\/2022\/05\/0H1A9539-50-300x200.jpg\" alt=\"\" width=\"300\" height=\"200\" srcset=\"https:\/\/www.weinbaugemeinschaft-diesbar-seusslitz.de\/wp-content\/uploads\/2022\/05\/0H1A9539-50-300x200.jpg 300w, https:\/\/www.weinbaugemeinschaft-diesbar-seusslitz.de\/wp-content\/uploads\/2022\/05\/0H1A9539-50-1024x683.jpg 1024w, https:\/\/www.weinbaugemeinschaft-diesbar-seusslitz.de\/wp-content\/uploads\/2022\/05\/0H1A9539-50-768x512.jpg 768w, https:\/\/www.weinbaugemeinschaft-diesbar-seusslitz.de\/wp-content\/uploads\/2022\/05\/0H1A9539-50-1536x1024.jpg 1536w, https:\/\/www.weinbaugemeinschaft-diesbar-seusslitz.de\/wp-content\/uploads\/2022\/05\/0H1A9539-50-2048x1365.jpg 2048w\" sizes=\"auto, (max-width: 300px) 100vw, 300px\" \/><\/a><\/strong><\/p>\n<p>Ich hei\u00dfe Michelle Ronge und war die 23. Ortsweink\u00f6nigin von Diesbar-Seu\u00dflitz.<br \/>\nMeine Ausbildung zur Erzieherin habe ich w\u00e4hrend meiner Amtszeit erfolgreich abgeschlossen. Die T\u00e4tigkeit als Erzieherin erf\u00fcllt mich sehr, denn \u00e4hnlich wie beim Wein muss man dabei auch kontinuierlich viel Liebe investieren, um am Ende ein tolles Ergebnis zu schaffen. Als Enkelin einer Hobbywinzerfamilie bin ich bereits fr\u00fch mit dem Weinbau in Kontakt gekommen. So verbrachte ich schon als Kind viel Zeit in Weinbergen, dabei war die Lese f\u00fcr mich immer die sch\u00f6nste Zeit des Jahres.<br \/>\nW\u00e4hrend meiner Amtszeit als Weink\u00f6nigin habe ich viele sch\u00f6ne Erlebnisse und Erfahrungen sammeln k\u00f6nnen.<\/p>\n<p>Michelle I.<\/p>\n<p>&nbsp;<\/p>\n<h3><span style=\"color: #ff6600;\"><strong>22. Ortsweink\u00f6nigin 2017 &#8211; 2021<\/strong><\/span><\/h3>\n<h4><span style=\"color: #008000;\">Lisa-Marie Quei\u00dfer<\/span><\/h4>\n<p><strong><a href=\"http:\/\/www.weinbaugemeinschaft-diesbar-seusslitz.de\/wp-content\/uploads\/2018\/04\/LMQ.jpg\"><img loading=\"lazy\" decoding=\"async\" class=\"alignnone wp-image-449 size-medium\" title=\"IMG_3606\" src=\"http:\/\/www.weinbaugemeinschaft-diesbar-seusslitz.de\/wp-content\/uploads\/2018\/04\/LMQ-300x214.jpg\" alt=\"\" width=\"300\" height=\"214\" srcset=\"https:\/\/www.weinbaugemeinschaft-diesbar-seusslitz.de\/wp-content\/uploads\/2018\/04\/LMQ-300x214.jpg 300w, https:\/\/www.weinbaugemeinschaft-diesbar-seusslitz.de\/wp-content\/uploads\/2018\/04\/LMQ-768x547.jpg 768w, https:\/\/www.weinbaugemeinschaft-diesbar-seusslitz.de\/wp-content\/uploads\/2018\/04\/LMQ-1024x729.jpg 1024w, https:\/\/www.weinbaugemeinschaft-diesbar-seusslitz.de\/wp-content\/uploads\/2018\/04\/LMQ.jpg 1731w\" sizes=\"auto, (max-width: 300px) 100vw, 300px\" \/><\/a><\/strong><\/p>\n<p>Ganze vier, statt angedachter drei, Jahre durfte ich das Elbweindorf Diesbar-Seu\u00dflitz als dessen Ortsweink\u00f6nigin repr\u00e4sentieren. Von erlebnisreichen Live-Weinproben in den ersten Jahren und der Erfahrung der Online-Weinprobe im letzten, durch Corona gepr\u00e4gtem, Jahr<br \/>\nsowie zahlreichen anderen Auftritten und Aufgaben, war die Zeit sehr gewinnbringend, abwechslungsreich und weinfreudig f\u00fcr mich. Anderen Menschen unsere Region und die tollen Weine, die hier an der Elbe gedeihen, n\u00e4her zu bringen ist einfach ein ganz besonderes Ehrenamt! Auch wenn ich urspr\u00fcnglich nicht mit den Elbweind\u00f6rfern verwurzelt<br \/>\nbin, f\u00fchlt es sich durch die Jahre als Ortsweink\u00f6nigin mittlerweile so an. Mein Herz wird immer f\u00fcr den Ort, den hiesigen Wein und die Menschen hier schlagen.<\/p>\n<p>&#8212;&#8212;&#8212;&#8212;&#8212;&#8212;&#8212;&#8212;&#8212;&#8212;&#8212;&#8212;&#8212;&#8212;&#8212;&#8212;&#8212;&#8212;&#8212;&#8212;&#8212;&#8212;&#8212;&#8212;&#8212;&#8212;&#8212;&#8212;&#8212;&#8212;&#8212;&#8212;&#8212;&#8212;&#8212;&#8212;&#8212;&#8212;&#8211;<\/p>\n<h3><span style=\"color: #ff6600;\"><strong>21. Ortsweink\u00f6nigin 2015 &#8211; 2017<\/strong><\/span><\/h3>\n<h4><span style=\"color: #339966;\">Mandy Kuhnt<\/span><\/h4>\n<p><strong><a href=\"http:\/\/www.weinbaugemeinschaft-diesbar-seusslitz.de\/wp-content\/uploads\/2012\/03\/IMG_36061.jpg\"><img loading=\"lazy\" decoding=\"async\" class=\"alignnone size-medium wp-image-376\" title=\"IMG_3606\" src=\"http:\/\/www.weinbaugemeinschaft-diesbar-seusslitz.de\/wp-content\/uploads\/2012\/03\/IMG_36061-225x300.jpg\" alt=\"\" width=\"225\" height=\"300\" srcset=\"https:\/\/www.weinbaugemeinschaft-diesbar-seusslitz.de\/wp-content\/uploads\/2012\/03\/IMG_36061-225x300.jpg 225w, https:\/\/www.weinbaugemeinschaft-diesbar-seusslitz.de\/wp-content\/uploads\/2012\/03\/IMG_36061-768x1024.jpg 768w\" sizes=\"auto, (max-width: 225px) 100vw, 225px\" \/><\/a><\/strong><\/p>\n<p>&#8212;&#8212;&#8212;&#8212;&#8212;&#8212;&#8212;&#8212;&#8212;&#8212;&#8212;&#8212;&#8212;&#8212;&#8212;&#8212;&#8212;&#8212;&#8212;&#8212;&#8212;&#8212;&#8212;&#8212;&#8212;&#8212;&#8212;&#8212;&#8212;&#8212;&#8212;&#8212;&#8212;&#8212;&#8212;&#8212;&#8212;&#8212;&#8211;<\/p>\n<h3><span style=\"color: #ff6600;\"><strong>20. Ortsweink\u00f6nigin 2012 &#8211; 2015<\/strong><\/span><\/h3>\n<h4><span style=\"color: #339966;\">Katharina Lai<\/span><\/h4>\n<h2><a href=\"http:\/\/www.weinbaugemeinschaft-diesbar-seusslitz.de\/wp-content\/uploads\/2012\/10\/RiesaWeinkoeniginKati_07a.jpg\"><img loading=\"lazy\" decoding=\"async\" title=\"Weinkoenigin Kati\" src=\"http:\/\/www.weinbaugemeinschaft-diesbar-seusslitz.de\/wp-content\/uploads\/2012\/10\/RiesaWeinkoeniginKati_07a-1024x682.jpg\" alt=\"Weinkoenigin Katharina I.\" width=\"353\" height=\"234\" \/><\/a><\/h2>\n<p>Mein Name ist Katharina I. und ich vertrat von 2012 bis 2015 unsere wundersch\u00f6ne Weinbauregion Diesbar-Seu\u00dflitz als Ortsweink\u00f6nigin. Am 09.11.2013 wurde ich in der &#8222;B\u00f6rse&#8220; in Coswig von einer Jury bestehend aus den ca. 500 G\u00e4sten einer festlichen Veranstaltung zur 26. S\u00e4chsischen Weink\u00f6nigin gew\u00e4hlt.<\/p>\n<p><a href=\"http:\/\/www.weinbaugemeinschaft-diesbar-seusslitz.de\/wp-content\/uploads\/2012\/03\/Weink\u00f6nigin.jpg\"><img loading=\"lazy\" decoding=\"async\" title=\"Wahlabend in Coswig\" src=\"http:\/\/www.weinbaugemeinschaft-diesbar-seusslitz.de\/wp-content\/uploads\/2012\/03\/Weink\u00f6nigin-300x200.jpg\" alt=\"\" width=\"300\" height=\"200\" \/><\/a><\/p>\n<p>Viele Reisen in die verschiedensten Weinanbaugebiete dieser Welt<br \/>\nhaben meine Leidenschaft f\u00fcr den Wein entfacht.\u00a0Seit 2010 bewirtschafte ich nun einen eigenen Weinberg, mit Sorten von Sp\u00e4tburgunder und Riesling.\u00a0Ankommen und Wohlf\u00fchlen k\u00f6nnen sich Ferieng\u00e4ste in meinem Ferienhaus &#8222;Elbweinkate&#8220;\u00a0 <a title=\"Ferienhaus Elbweinkate\" href=\"http:\/\/www.elbweinkate.de\" target=\"_blank\" rel=\"noopener noreferrer\">http:\/\/www.elbweinkate.de. <\/a>Ehrenamtlich engagiere ich mich f\u00fcr den Tourismus unserer Region. Gern stehe ich Ihnen auch f\u00fcr Ihre Veranstaltung oder Feierlichkeit zur Verf\u00fcgung,<br \/>\ndenn schon Shakespeare wusste \u201e\u2026Wein ist der beste Gesellschafter\u201c<\/p>\n<p>&#8212;&#8212;&#8212;&#8212;&#8212;&#8212;&#8212;&#8212;&#8212;&#8212;&#8212;&#8212;&#8212;&#8212;&#8212;&#8212;&#8212;&#8212;&#8212;&#8212;&#8212;&#8212;&#8212;&#8212;&#8212;&#8212;&#8212;&#8212;&#8212;&#8212;&#8212;&#8212;&#8212;&#8212;&#8212;&#8212;&#8212;&#8212;&#8211;<\/p>\n<h3><span style=\"color: #ff6600;\"><strong>19. Ortsweink\u00f6nigin 2011 &#8211; 2012<br \/>\n<\/strong><\/span><\/h3>\n<h4><span style=\"color: #ff6600;\"><span style=\"color: #339966;\">Nicole Ronge<\/span><\/span><\/h4>\n<p><img loading=\"lazy\" decoding=\"async\" class=\"aligncenter wp-image-67\" title=\"Weink\u00f6nigin Nicole Ronge\" src=\"http:\/\/www.weinbaugemeinschaft-diesbar-seusslitz.de\/wp-content\/uploads\/2012\/03\/weinkoenigin-200x300.jpg\" alt=\"Weink\u00f6nigin Nicole Ronge\" width=\"173\" height=\"258\" \/><\/p>\n<p>Nicole stammt aus den Elbweind\u00f6rfern und wuchs in einer Hobby-Winzerfamilie auf, also entdeckte sie fr\u00fch ihre Leidenschaft f\u00fcr Wein. Ihr sch\u00f6nstes Erlebnis aber auch eine\u00a0gro\u00dfe Herausforderung war f\u00fcr sie die\u00a0Federwei\u00dfermeile.\u00a0Sie sagt, die Freude und das Interesse der G\u00e4ste hat sie befl\u00fcgelt. Ihr Lieblingswein ist der Wei\u00dfburgunder. Nicole ist in einer Kindertagesst\u00e4tte als Erzieherin t\u00e4tig.<\/p>\n<p>&#8212;&#8212;&#8212;&#8212;&#8212;&#8212;&#8212;&#8212;&#8212;&#8212;&#8212;&#8212;&#8212;&#8212;&#8212;&#8212;&#8212;&#8212;&#8212;&#8212;&#8212;&#8212;&#8212;&#8212;&#8212;&#8212;&#8212;&#8212;&#8212;&#8212;&#8212;&#8212;&#8212;&#8212;&#8212;&#8212;&#8212;&#8212;&#8211;<\/p>\n<h3><strong><span style=\"color: #ff6600;\">18. Ortsweink\u00f6nigin 2008 &#8211; 2011<\/span><br \/>\n<\/strong><\/h3>\n<h4><span style=\"color: #339966;\">Hanka Simon<\/span><\/h4>\n<h4><a href=\"http:\/\/www.weinbaugemeinschaft-diesbar-seusslitz.de\/wp-content\/uploads\/2014\/01\/Hanka.jpg\"><img loading=\"lazy\" decoding=\"async\" class=\"aligncenter wp-image-262\" title=\"Hanka\" src=\"http:\/\/www.weinbaugemeinschaft-diesbar-seusslitz.de\/wp-content\/uploads\/2014\/01\/Hanka-207x300.jpg\" alt=\"\" width=\"177\" height=\"260\" \/><\/a><\/h4>\n<p>Ich stamme ebenfalls aus einem Elbweindorf und zwar aus Niesch\u00fctz, welches 2014 ein besonderes Jubil\u00e4um feiert. Niesch\u00fctz wird 775 Jahre alt. Mein Vater war Hobbywinzer und hatte bereits Anfang der 1980 iger Jahre eine Wei\u00dfweinanlage. Sp\u00e4ter kam dann noch eine Rotweinanlage dazu. Somit bin ich auch mit Wein aufgewachsen. Interesse und Freude am Thema Wein waren bei mir schon zeitig vorhanden.<br \/>\nBesondere H\u00f6hepunkte waren nat\u00fcrlich meine Kr\u00f6nung, der Besuch in Sebnitz bei der &#8222;Deutschen Kunstblume&#8220; oder die Treffen mit s\u00e4chsischen und deutschen Weinhoheiten. Ich bin in der Gastronomie t\u00e4tig. Meine Lieblingsweine sind Kerner und Goldriesling.<\/p>\n<p>&#8212;&#8212;&#8212;&#8212;&#8212;&#8212;&#8212;&#8212;&#8212;&#8212;&#8212;&#8212;&#8212;&#8212;&#8212;&#8212;&#8212;&#8212;&#8212;&#8212;&#8212;&#8212;&#8212;&#8212;&#8212;&#8212;&#8212;&#8212;&#8212;&#8212;&#8212;&#8212;&#8212;&#8212;&#8212;&#8212;&#8212;&#8212;&#8211;<\/p>\n<h3><span style=\"color: #ff6600;\"><strong>17. Ortsweink\u00f6nigin 2006 &#8211; 2008<\/strong><\/span><\/h3>\n<h4><span style=\"color: #339966;\">Manuela Thiede<\/span><\/h4>\n<h6 style=\"text-align: center;\"><a href=\"http:\/\/www.weinbaugemeinschaft-diesbar-seusslitz.de\/wp-content\/uploads\/2014\/01\/2006-Kr\u00f6nung-Manuela.jpg\"><img loading=\"lazy\" decoding=\"async\" class=\"aligncenter wp-image-283\" title=\"2006 Kr\u00f6nung Manuela\" src=\"http:\/\/www.weinbaugemeinschaft-diesbar-seusslitz.de\/wp-content\/uploads\/2014\/01\/2006-Kr\u00f6nung-Manuela-300x200.jpg\" alt=\"\" width=\"300\" height=\"200\" srcset=\"https:\/\/www.weinbaugemeinschaft-diesbar-seusslitz.de\/wp-content\/uploads\/2014\/01\/2006-Kr\u00f6nung-Manuela-300x200.jpg 300w, https:\/\/www.weinbaugemeinschaft-diesbar-seusslitz.de\/wp-content\/uploads\/2014\/01\/2006-Kr\u00f6nung-Manuela.jpg 400w\" sizes=\"auto, (max-width: 300px) 100vw, 300px\" \/><\/a>Manuela (links) hier bei\u00a0der Kr\u00f6nung durch ihre Vorg\u00e4ngerin Anja<\/h6>\n<p>Schon meine Urgro\u00dfeltern und Gro\u00dfeltern waren Winzer und haben am Brummochsenloch den Weinberg mit \u00fcber tausend Weinst\u00f6cken betrieben. Sie waren emsig und haben all ihre Energie in den Weinberg gesteckt und ihr Wissen an meine Familie weiter gegeben. Meine Familie betreibt den Weinberg neben der Arbeit und das ist nicht immer einfach. Mein Interesse an der Herstellung vom Wein und dem Wein im Glas wuchs und wuchs. Carola Ulrich hat mich in die Geheimnisse des Weines und des Schmeckens eingewiesen.<\/p>\n<p>In den beiden Jahren hatte ich tolle Gespr\u00e4chen rund um den Wein. Ich habe ihn auf eine ganz andere Art und Weise entdeckt und meine Heimat mit unserem Kulturgut Wein pr\u00e4sentiert.<\/p>\n<p>&#8212;&#8212;&#8212;&#8212;&#8212;&#8212;&#8212;&#8212;&#8212;&#8212;&#8212;&#8212;&#8212;&#8212;&#8212;&#8212;&#8212;&#8212;&#8212;&#8212;&#8212;&#8212;&#8212;&#8212;&#8212;&#8212;&#8212;&#8212;&#8212;&#8212;&#8212;&#8212;&#8212;&#8212;&#8212;&#8212;&#8212;&#8212;&#8211;<\/p>\n<h3><span style=\"color: #ff6600;\"><strong>16. Ortsweink\u00f6nigin 2004 &#8211; 2006<\/strong><\/span><\/h3>\n<h4><span style=\"color: #339966;\">Anja Leuschner<\/span><\/h4>\n<h4><a href=\"http:\/\/www.weinbaugemeinschaft-diesbar-seusslitz.de\/wp-content\/uploads\/2014\/01\/2004-2006_Weink\u00f6nigin2.jpg\"><img loading=\"lazy\" decoding=\"async\" class=\"aligncenter wp-image-275\" title=\"2004-2006_Weink\u00f6nigin\" src=\"http:\/\/www.weinbaugemeinschaft-diesbar-seusslitz.de\/wp-content\/uploads\/2014\/01\/2004-2006_Weink\u00f6nigin2-211x300.jpg\" alt=\"\" width=\"200\" height=\"280\" \/><\/a><\/h4>\n<p>Schon meine Urgro\u00dfeltern\u00a0betrieben Weinbau und haben eine kleine Gastwirtschaft &#8222;Leuschners Weinstuben&#8220; in Niesch\u00fctz unterhalten. Der Weinberg, eine Steillage, existiert heute noch und wird in liebevoller Handarbeit gepflegt. Die Aufrechterhaltung der Tradition &#8222;Ortsweink\u00f6nigin&#8220;, die es in Sachsen nur einmal gibt,\u00a0lag mir sehr am Herzen. Auch die M\u00f6glichkeit mit Jung und Alt \u00fcber die Weine, B\u00f6den und die Kelterung zu kommunizieren, st\u00e4ndig im Austausch mit den Winzern und Weinliebhabern sowie ein Teil der Riege junger Frauen zu sein, die sich mit Hingabe f\u00fcr ihre Heimat und den regionalen Wein engagieren, machte dieses Ehrenamt f\u00fcr mich aus.<br \/>\nBesonders erlebnisreich waren die Federwei\u00dfer-Meilen, da sie die Weinlesezeit ank\u00fcndigten, und auch die zahlreichen Weinproben in der Region. Der H\u00f6hepunkt war die 800-Jahr-Feier von Diesbar-Seu\u00dflitz im Jahre 2005 mit Festumzug, Weinproben und gro\u00dfem Feuerwerk \u00fcber dem idyllischen Elbbogen.<\/p>\n<h5><strong><a href=\"http:\/\/www.weinbaugemeinschaft-diesbar-seusslitz.de\/wp-content\/uploads\/2014\/01\/2006-2008_Weinprinzessin.jpg\"><img loading=\"lazy\" decoding=\"async\" class=\"aligncenter size-medium wp-image-276\" title=\"2006-2008_Weinprinzessin\" src=\"http:\/\/www.weinbaugemeinschaft-diesbar-seusslitz.de\/wp-content\/uploads\/2014\/01\/2006-2008_Weinprinzessin-197x300.jpg\" alt=\"\" width=\"197\" height=\"300\" srcset=\"https:\/\/www.weinbaugemeinschaft-diesbar-seusslitz.de\/wp-content\/uploads\/2014\/01\/2006-2008_Weinprinzessin-197x300.jpg 197w, https:\/\/www.weinbaugemeinschaft-diesbar-seusslitz.de\/wp-content\/uploads\/2014\/01\/2006-2008_Weinprinzessin-674x1024.jpg 674w, https:\/\/www.weinbaugemeinschaft-diesbar-seusslitz.de\/wp-content\/uploads\/2014\/01\/2006-2008_Weinprinzessin.jpg 1164w\" sizes=\"auto, (max-width: 197px) 100vw, 197px\" \/><\/a><\/strong><\/h5>\n<p>Nach meiner Zeit als Ortsweink\u00f6nigin war ich zwei Jahre S\u00e4chsische Weinprinzessin und konnte unsere Heimat deutschlandweit bewerben. Mein Herz schl\u00e4gt auch heute noch f\u00fcr den nationalen und internationalen Wein und ich f\u00fchle mich \u00fcberall zuhause, wo auch Reben Wurzeln schlagen.<\/p>\n<p>&#8212;&#8212;&#8212;&#8212;&#8212;&#8212;&#8212;&#8212;&#8212;&#8212;&#8212;&#8212;&#8212;&#8212;&#8212;&#8212;&#8212;&#8212;&#8212;&#8212;&#8212;&#8212;&#8212;&#8212;&#8212;&#8212;&#8212;&#8212;&#8212;&#8212;&#8212;&#8212;&#8212;&#8212;&#8212;&#8212;&#8212;&#8212;&#8211;<\/p>\n<h3><span style=\"color: #ff6600;\"><strong>15. Ortsweink\u00f6nigin 2003 &#8211; 2004<\/strong><\/span><br \/>\nAnnette Lehmann<\/h3>\n<h3><span style=\"color: #ff6600;\"><strong>14. Ortsweink\u00f6nigin 2001 &#8211; 2003<\/strong><\/span><br \/>\nWiebke Beyer<\/h3>\n<h3><span style=\"color: #ff6600;\"><strong>13. Ortsweink\u00f6nigin 1999 &#8211; 2001<\/strong><\/span><br \/>\nAnnette Angermann<\/h3>\n<h3><span style=\"color: #ff6600;\"><strong>12. Ortsweink\u00f6nigin 1995 &#8211; 1999<\/strong><\/span><br \/>\nCarola Ulrich<\/h3>\n<h3><span style=\"color: #ff6600;\"><strong>11. Ortsweink\u00f6nigin 1993 &#8211; 1995<\/strong><\/span><br \/>\nGabriele D\u00f6rner<\/h3>\n<h3><span style=\"color: #ff6600;\"><strong>10. Ortsweink\u00f6nigin 1990 &#8211; 1993<\/strong><\/span><br \/>\nGerlind Reichardt<\/h3>\n<h3><span style=\"color: #ff6600;\"><strong>9. Ortsweink\u00f6nigin 1990 &#8211; 1991<\/strong><\/span><br \/>\nKatrin Diersche<\/h3>\n<h3><span style=\"color: #ff6600;\"><strong>8. Ortsweink\u00f6nigin 1988 &#8211; 1990<\/strong><\/span><br \/>\nEva Bernhardt<\/h3>\n<h3><span style=\"color: #ff6600;\"><strong>7. Ortsweink\u00f6nigin 1986 &#8211; 1988<\/strong><\/span><br \/>\nSabine Reichardt<\/h3>\n<h3><span style=\"color: #ff6600;\"><strong>6. Ortsweink\u00f6nigin 1983 &#8211; 1986<\/strong><\/span><br \/>\nKerstin M\u00fcnch<\/h3>\n<h3><span style=\"color: #ff6600;\"><strong>5. Ortsweink\u00f6nigin 1980 &#8211; 1983<\/strong><\/span><br \/>\nEvelin Joitke<\/h3>\n<h3><span style=\"color: #ff6600;\"><strong>4. Ortsweink\u00f6nigin 1977 &#8211; 1980<\/strong><\/span><br \/>\nRuth D\u00e4mmig<\/h3>\n<h3><span style=\"color: #ff6600;\"><strong>3. Ortsweink\u00f6nigin 1974 &#8211; 1977<\/strong><\/span><br \/>\nAngelika Klein<\/h3>\n<h3><span style=\"color: #ff6600;\"><strong>2. Ortsweink\u00f6nigin 1971 &#8211; 1974<\/strong><\/span><br \/>\nAlexa Raum<\/h3>\n<h3><span style=\"color: #ff6600;\"><strong>1. Ortsweink\u00f6nigin 1968 &#8211; 1971<\/strong><\/span><br \/>\nGudrun Reichardt<\/h3>\n","protected":false},"excerpt":{"rendered":"<p>Die Wahl der Weinmajest\u00e4t geht auf eine lange Tradition zur\u00fcck. Sie besteht nun mittlerweile schon seit 1968. W\u00e4hrend der Vorbereitungen der Festtage &#8222;700 Jahre Weinbau&#8220; kam ein Gedanke auf, dass es doch eine Weink\u00f6nigin geben m\u00fcsste. Die Umsetzung damals war auf Grund des staatlichen Konstrukts schwer denkbar. Doch durch Mithilfe u.a. von P. R\u00fchle (Weinbauberater [&hellip;]<\/p>\n","protected":false},"author":2,"featured_media":0,"parent":29,"menu_order":1,"comment_status":"closed","ping_status":"closed","template":"","meta":{"footnotes":""},"class_list":["post-242","page","type-page","status-publish","hentry"],"_links":{"self":[{"href":"https:\/\/www.weinbaugemeinschaft-diesbar-seusslitz.de\/index.php?rest_route=\/wp\/v2\/pages\/242","targetHints":{"allow":["GET"]}}],"collection":[{"href":"https:\/\/www.weinbaugemeinschaft-diesbar-seusslitz.de\/index.php?rest_route=\/wp\/v2\/pages"}],"about":[{"href":"https:\/\/www.weinbaugemeinschaft-diesbar-seusslitz.de\/index.php?rest_route=\/wp\/v2\/types\/page"}],"author":[{"embeddable":true,"href":"https:\/\/www.weinbaugemeinschaft-diesbar-seusslitz.de\/index.php?rest_route=\/wp\/v2\/users\/2"}],"replies":[{"embeddable":true,"href":"https:\/\/www.weinbaugemeinschaft-diesbar-seusslitz.de\/index.php?rest_route=%2Fwp%2Fv2%2Fcomments&post=242"}],"version-history":[{"count":34,"href":"https:\/\/www.weinbaugemeinschaft-diesbar-seusslitz.de\/index.php?rest_route=\/wp\/v2\/pages\/242\/revisions"}],"predecessor-version":[{"id":759,"href":"https:\/\/www.weinbaugemeinschaft-diesbar-seusslitz.de\/index.php?rest_route=\/wp\/v2\/pages\/242\/revisions\/759"}],"up":[{"embeddable":true,"href":"https:\/\/www.weinbaugemeinschaft-diesbar-seusslitz.de\/index.php?rest_route=\/wp\/v2\/pages\/29"}],"wp:attachment":[{"href":"https:\/\/www.weinbaugemeinschaft-diesbar-seusslitz.de\/index.php?rest_route=%2Fwp%2Fv2%2Fmedia&parent=242"}],"curies":[{"name":"wp","href":"https:\/\/api.w.org\/{rel}","templated":true}]}}