{"id":31,"date":"2012-03-23T17:06:40","date_gmt":"2012-03-23T17:06:40","guid":{"rendered":"http:\/\/weinbaugemeinschaft-diesbar-seusslitz.de\/?page_id=31"},"modified":"2020-07-01T09:42:48","modified_gmt":"2020-07-01T09:42:48","slug":"kontakt","status":"publish","type":"page","link":"https:\/\/www.weinbaugemeinschaft-diesbar-seusslitz.de\/?page_id=31","title":{"rendered":"Kontakt"},"content":{"rendered":"<h5><span style=\"text-decoration: underline;\"><strong>e-Mail:<\/strong><\/span><\/h5>\n<p><a href=\"mailto:info@weinbaugemeinschaft-diesbar-seusslitz.de\">info@weinbaugemeinschaft-diesbar-seusslitz.de<\/a><\/p>\n<h5><span style=\"text-decoration: underline;\"><strong>Postanschrift:<\/strong><\/span><\/h5>\n<h5><span style=\"text-decoration: underline;\"><strong>\u00a0<\/strong><\/span><\/h5>\n<address>Weinbaugemeinschaft Diesbar-Seu\u00dflitz e.V.<br \/>\nAn der Weinstra\u00dfe 8b<br \/>\n01612 N\u00fcnchritz OT Diesbar-Seu\u00dflitz<\/address>\n","protected":false},"excerpt":{"rendered":"<p>e-Mail: info@weinbaugemeinschaft-diesbar-seusslitz.de Postanschrift: \u00a0 Weinbaugemeinschaft Diesbar-Seu\u00dflitz e.V. An der Weinstra\u00dfe 8b 01612 N\u00fcnchritz OT Diesbar-Seu\u00dflitz<\/p>\n","protected":false},"author":1,"featured_media":0,"parent":0,"menu_order":26,"comment_status":"closed","ping_status":"closed","template":"","meta":{"footnotes":""},"class_list":["post-31","page","type-page","status-publish","hentry"],"_links":{"self":[{"href":"https:\/\/www.weinbaugemeinschaft-diesbar-seusslitz.de\/index.php?rest_route=\/wp\/v2\/pages\/31","targetHints":{"allow":["GET"]}}],"collection":[{"href":"https:\/\/www.weinbaugemeinschaft-diesbar-seusslitz.de\/index.php?rest_route=\/wp\/v2\/pages"}],"about":[{"href":"https:\/\/www.weinbaugemeinschaft-diesbar-seusslitz.de\/index.php?rest_route=\/wp\/v2\/types\/page"}],"author":[{"embeddable":true,"href":"https:\/\/www.weinbaugemeinschaft-diesbar-seusslitz.de\/index.php?rest_route=\/wp\/v2\/users\/1"}],"replies":[{"embeddable":true,"href":"https:\/\/www.weinbaugemeinschaft-diesbar-seusslitz.de\/index.php?rest_route=%2Fwp%2Fv2%2Fcomments&post=31"}],"version-history":[{"count":16,"href":"https:\/\/www.weinbaugemeinschaft-diesbar-seusslitz.de\/index.php?rest_route=\/wp\/v2\/pages\/31\/revisions"}],"predecessor-version":[{"id":494,"href":"https:\/\/www.weinbaugemeinschaft-diesbar-seusslitz.de\/index.php?rest_route=\/wp\/v2\/pages\/31\/revisions\/494"}],"wp:attachment":[{"href":"https:\/\/www.weinbaugemeinschaft-diesbar-seusslitz.de\/index.php?rest_route=%2Fwp%2Fv2%2Fmedia&parent=31"}],"curies":[{"name":"wp","href":"https:\/\/api.w.org\/{rel}","templated":true}]}}